{"id":184,"date":"2025-06-18T15:49:38","date_gmt":"2025-06-18T19:49:38","guid":{"rendered":"https:\/\/aprendeypasa.com\/clases-particulares-profesores-online\/?page_id=184"},"modified":"2025-07-07T15:38:38","modified_gmt":"2025-07-07T19:38:38","slug":"notificacion-de-pago","status":"publish","type":"page","link":"https:\/\/aprendeypasa.com\/clases-particulares-profesores-online\/notificacion-de-pago\/","title":{"rendered":"Notificaci\u00f3n de Pago"},"content":{"rendered":"\n<div class=\"wp-block-columns is-layout-flex wp-container-core-columns-is-layout-9d6595d7 wp-block-columns-is-layout-flex\">\n<div class=\"wp-block-column is-layout-flow wp-block-column-is-layout-flow\"><\/div>\n\n\n\n<div class=\"wp-block-column is-layout-flow wp-block-column-is-layout-flow\">\n<h5 class=\"wp-block-heading has-text-align-right\">Tasa del d\u00eda del B.C.V.<\/h5>\n<\/div>\n\n\n\n<div class=\"wp-block-column is-layout-flow wp-block-column-is-layout-flow\"><div class='yay-currency-single-page-switcher'>\n\n\t<form action-xhr=\"https:\/\/aprendeypasa.com\/clases-particulares-profesores-online\" method='POST' class='yay-currency-form-switcher'>\n\t\t<input type=\"hidden\" class=\"yay-currency-nonce\" name=\"yay-currency-nonce\" value=\"bdd3515fd7\" \/><input type=\"hidden\" name=\"_wp_http_referer\" value=\"\/clases-particulares-profesores-online\/wp-json\/wp\/v2\/pages\/184\" \/><input type=\"hidden\" name=\"yay_currency_current_url\" value=\"https:\/\/aprendeypasa.com\/clases-particulares-profesores-online\/wp-json\/wp\/v2\/pages\/184\" \/>\t\t<select class='yay-currency-switcher' name='currency' onchange='this.form.submit()'>\n\t\t\t<option value=\"202\"  selected='selected'><\/option><option value=\"203\" ><\/option><option value=\"204\" ><\/option>\t\t<\/select>\n\t<\/form>\n\t\n\t<div class=\"yay-currency-custom-select-wrapper medium   \">\n\t<div class=\"yay-currency-custom-select\">\n\t\t<div class=\"yay-currency-custom-select__trigger medium\">\n\t<div class=\"yay-currency-custom-selected-option\">\n\t\t<span style=\"background-image: url(https:\/\/aprendeypasa.com\/clases-particulares-profesores-online\/wp-content\/plugins\/yaycurrency\/assets\/flags\/us.svg)\" class=\"yay-currency-flag selected medium\" data-country_code=\"us\"><\/span>\t\t<span class=\"yay-currency-selected-option\">\n\t\t\tUnited States dollar ($) - USD\t\t<\/span>\n\t<\/div>\n\t<div class=\"yay-currency-custom-arrow\">\n\t\t<svg xmlns=\"http:\/\/www.w3.org\/2000\/svg\" width=\"24\" height=\"24\" viewBox=\"0 0 24 24\" fill=\"none\" stroke=\"oklch(0.556 0 0)\" stroke-width=\"2\" stroke-linecap=\"round\" stroke-linejoin=\"round\" class=\"yay-currency-arrow-icon\" aria-hidden=\"true\"><path d=\"m6 9 6 6 6-6\"><\/path><\/svg>\n\t<\/div>\n\t<div class=\"yay-currency-custom-loader\"><\/div>\n<\/div>\n\t\t<ul class=\"yay-currency-custom-options\">\n\t<li class=\"yay-currency-id-202 yay-currency-custom-option-row selected yay-currency-row-with-flag\" data-currency-id=\"202\">\n\t\t<span style=\"background-image: url(https:\/\/aprendeypasa.com\/clases-particulares-profesores-online\/wp-content\/plugins\/yaycurrency\/assets\/flags\/us.svg)\" class=\"yay-currency-flag medium\" data-country_code=\"us\"><\/span>\t\t<div class=\"yay-currency-custom-option medium\">\n\t\t\tUnited States dollar ($) - USD\t\t<\/div>\n\t\t\t\t\t<span class=\"yay-currency-selected-checked-icon\"><span aria-hidden=\"true\"><svg xmlns=\"http:\/\/www.w3.org\/2000\/svg\" width=\"16\" height=\"16\" viewBox=\"0 0 24 24\" fill=\"none\" stroke=\"#737373\" stroke-width=\"2\" stroke-linecap=\"round\" stroke-linejoin=\"round\" class=\"lucide lucide-check size-4\" aria-hidden=\"true\"><path d=\"M20 6 9 17l-5-5\"><\/path><\/svg><\/span><\/span>\n\t\t\t<\/li>\n\t<li class=\"yay-currency-id-203 yay-currency-custom-option-row  yay-currency-row-with-flag\" data-currency-id=\"203\">\n\t\t<span style=\"background-image: url(https:\/\/aprendeypasa.com\/clases-particulares-profesores-online\/wp-content\/plugins\/yaycurrency\/assets\/flags\/eu.svg)\" class=\"yay-currency-flag medium\" data-country_code=\"eu\"><\/span>\t\t<div class=\"yay-currency-custom-option medium\">\n\t\t\tEuro (\u20ac) - EUR\t\t<\/div>\n\t\t\t<\/li>\n\t<li class=\"yay-currency-id-204 yay-currency-custom-option-row  yay-currency-row-with-flag\" data-currency-id=\"204\">\n\t\t<span style=\"background-image: url(https:\/\/aprendeypasa.com\/clases-particulares-profesores-online\/wp-content\/plugins\/yaycurrency\/assets\/flags\/ve.svg)\" class=\"yay-currency-flag medium\" data-country_code=\"ve\"><\/span>\t\t<div class=\"yay-currency-custom-option medium\">\n\t\t\tBol\u00edvar venezolano (Bs.) - VES\t\t<\/div>\n\t\t\t<\/li>\n<\/ul>\n\t<\/div>\n<\/div>\n<\/div>\n\n<\/div>\n<\/div>\n\n\n\n<h2 class=\"wp-block-heading\"><mark style=\"background-color:rgba(0, 0, 0, 0);color:#2fc1ff\" class=\"has-inline-color\">Notificaci\u00f3n de Pago para Transferencia o Dep\u00f3sito<br>(Pago manual sin tarjeta)<\/mark><\/h2>\n\n\n\n<div style=\"height:100px\" aria-hidden=\"true\" class=\"wp-block-spacer\"><\/div>\n\n\n\n<div class=\"wp-block-columns is-layout-flex wp-container-core-columns-is-layout-9d6595d7 wp-block-columns-is-layout-flex\">\n<div class=\"wp-block-column is-layout-flow wp-block-column-is-layout-flow\">\n<p><\/p>\n\n\n<style id=\"wpforms-css-vars-195\">\n\t\t\t\t#wpforms-195 {\n\t\t\t\t\n\t\t\t}\n\t\t\t<\/style><div class=\"wpforms-container wpforms-container-full wpforms-render-modern\" id=\"wpforms-195\"><form id=\"wpforms-form-195\" class=\"wpforms-validate wpforms-form wpforms-ajax-form\" data-formid=\"195\" method=\"post\" enctype=\"multipart\/form-data\" action=\"\/clases-particulares-profesores-online\/wp-json\/wp\/v2\/pages\/184\" data-token=\"795e39b644316e967ac472788267d53f\" data-token-time=\"1776516695\"><noscript class=\"wpforms-error-noscript\">Por favor, activa JavaScript en tu navegador para completar este formulario.<\/noscript><div id=\"wpforms-error-noscript\" style=\"display: none;\">Por favor, activa JavaScript en tu navegador para completar este formulario.<\/div><div class=\"wpforms-field-container\"><div id=\"wpforms-195-field_4-container\" class=\"wpforms-field wpforms-field-text\" data-field-id=\"4\"><label class=\"wpforms-field-label\" for=\"wpforms-195-field_4\">N\u00famero de pedido <span class=\"wpforms-required-label\" aria-hidden=\"true\">*<\/span><\/label><input type=\"text\" id=\"wpforms-195-field_4\" class=\"wpforms-field-medium wpforms-field-required\" name=\"wpforms[fields][4]\" aria-errormessage=\"wpforms-195-field_4-error\" required><\/div><div id=\"wpforms-195-field_1-container\" class=\"wpforms-field wpforms-field-name\" data-field-id=\"1\"><fieldset><legend class=\"wpforms-field-label\">Nombre <span class=\"wpforms-required-label\" aria-hidden=\"true\">*<\/span><\/legend><div class=\"wpforms-field-row wpforms-field-medium\"><div class=\"wpforms-field-row-block wpforms-first wpforms-one-half\"><input type=\"text\" id=\"wpforms-195-field_1\" class=\"wpforms-field-name-first wpforms-field-required\" name=\"wpforms[fields][1][first]\" aria-errormessage=\"wpforms-195-field_1-error\" required><label for=\"wpforms-195-field_1\" class=\"wpforms-field-sublabel after\">Nombre<\/label><\/div><div class=\"wpforms-field-row-block wpforms-one-half\"><input type=\"text\" id=\"wpforms-195-field_1-last\" class=\"wpforms-field-name-last wpforms-field-required\" name=\"wpforms[fields][1][last]\" aria-errormessage=\"wpforms-195-field_1-last-error\" required><label for=\"wpforms-195-field_1-last\" class=\"wpforms-field-sublabel after\">Apellidos<\/label><\/div><\/div><\/fieldset><\/div>\t\t<div id=\"wpforms-195-field_14-container\"\n\t\t\tclass=\"wpforms-field wpforms-field-text\"\n\t\t\tdata-field-type=\"text\"\n\t\t\tdata-field-id=\"14\"\n\t\t\t>\n\t\t\t<label class=\"wpforms-field-label\" for=\"wpforms-195-field_14\" >la Apellido M\u00f3vil<\/label>\n\t\t\t<input type=\"text\" id=\"wpforms-195-field_14\" class=\"wpforms-field-medium\" name=\"wpforms[fields][14]\" >\n\t\t<\/div>\n\t\t<div id=\"wpforms-195-field_2-container\" class=\"wpforms-field wpforms-field-email\" data-field-id=\"2\"><label class=\"wpforms-field-label\" for=\"wpforms-195-field_2\">Correo electr\u00f3nico <span class=\"wpforms-required-label\" aria-hidden=\"true\">*<\/span><\/label><input type=\"email\" id=\"wpforms-195-field_2\" class=\"wpforms-field-medium wpforms-field-required\" name=\"wpforms[fields][2]\" spellcheck=\"false\" aria-errormessage=\"wpforms-195-field_2-error\" required><\/div><div id=\"wpforms-195-field_5-container\" class=\"wpforms-field wpforms-field-number\" data-field-id=\"5\"><label class=\"wpforms-field-label\" for=\"wpforms-195-field_5\">N\u00famero de Celular o M\u00f3vil <span class=\"wpforms-required-label\" aria-hidden=\"true\">*<\/span><\/label><input type=\"number\" id=\"wpforms-195-field_5\" class=\"wpforms-field-medium wpforms-field-required\" name=\"wpforms[fields][5]\" step=\"any\" aria-errormessage=\"wpforms-195-field_5-error\" required><\/div><div id=\"wpforms-195-field_6-container\" class=\"wpforms-field wpforms-field-text\" data-field-id=\"6\"><label class=\"wpforms-field-label\" for=\"wpforms-195-field_6\">Nombre de su Banco <span class=\"wpforms-required-label\" aria-hidden=\"true\">*<\/span><\/label><input type=\"text\" id=\"wpforms-195-field_6\" class=\"wpforms-field-medium wpforms-field-required\" name=\"wpforms[fields][6]\" aria-errormessage=\"wpforms-195-field_6-error\" required><\/div><div id=\"wpforms-195-field_7-container\" class=\"wpforms-field wpforms-field-text\" data-field-id=\"7\"><label class=\"wpforms-field-label\" for=\"wpforms-195-field_7\">Fecha de la Operaci\u00f3n <span class=\"wpforms-required-label\" aria-hidden=\"true\">*<\/span><\/label><input type=\"text\" id=\"wpforms-195-field_7\" class=\"wpforms-field-medium wpforms-field-required\" name=\"wpforms[fields][7]\" aria-errormessage=\"wpforms-195-field_7-error\" aria-describedby=\"wpforms-195-field_7-description\" required><div id=\"wpforms-195-field_7-description\" class=\"wpforms-field-description\">DD\/MM\/AA<\/div><\/div><div id=\"wpforms-195-field_8-container\" class=\"wpforms-field wpforms-field-text\" data-field-id=\"8\"><label class=\"wpforms-field-label\" for=\"wpforms-195-field_8\">N\u00famero de Operaci\u00f3n seg\u00fan su planilla bancaria<\/label><input type=\"text\" id=\"wpforms-195-field_8\" class=\"wpforms-field-medium\" name=\"wpforms[fields][8]\" aria-errormessage=\"wpforms-195-field_8-error\" ><\/div><div id=\"wpforms-195-field_9-container\" class=\"wpforms-field wpforms-field-number\" data-field-id=\"9\"><label class=\"wpforms-field-label\" for=\"wpforms-195-field_9\">Monto de la Operaci\u00f3n  <span class=\"wpforms-required-label\" aria-hidden=\"true\">*<\/span><\/label><input type=\"number\" id=\"wpforms-195-field_9\" class=\"wpforms-field-medium wpforms-field-required\" name=\"wpforms[fields][9]\" step=\"any\" aria-errormessage=\"wpforms-195-field_9-error\" required><\/div><div id=\"wpforms-195-field_10-container\" class=\"wpforms-field wpforms-field-checkbox\" data-field-id=\"10\"><fieldset><legend class=\"wpforms-field-label\">Moneda de la Operaci\u00f3n <span class=\"wpforms-required-label\" aria-hidden=\"true\">*<\/span><\/legend><ul id=\"wpforms-195-field_10\" class=\"wpforms-field-required\"><li class=\"choice-1 depth-1\"><input type=\"checkbox\" id=\"wpforms-195-field_10_1\" name=\"wpforms[fields][10][]\" value=\"Bs.\" aria-errormessage=\"wpforms-195-field_10_1-error\" required ><label class=\"wpforms-field-label-inline\" for=\"wpforms-195-field_10_1\">Bs.<\/label><\/li><li class=\"choice-2 depth-1\"><input type=\"checkbox\" id=\"wpforms-195-field_10_2\" name=\"wpforms[fields][10][]\" value=\"$\" aria-errormessage=\"wpforms-195-field_10_2-error\" required ><label class=\"wpforms-field-label-inline\" for=\"wpforms-195-field_10_2\">$<\/label><\/li><li class=\"choice-3 depth-1\"><input type=\"checkbox\" id=\"wpforms-195-field_10_3\" name=\"wpforms[fields][10][]\" value=\"Euros\" aria-errormessage=\"wpforms-195-field_10_3-error\" required ><label class=\"wpforms-field-label-inline\" for=\"wpforms-195-field_10_3\">Euros<\/label><\/li><\/ul><\/fieldset><\/div><div id=\"wpforms-195-field_11-container\" class=\"wpforms-field wpforms-field-checkbox\" data-field-id=\"11\"><fieldset><legend class=\"wpforms-field-label\">Cuenta a la que transfiri\u00f3 o deposit\u00f3 <span class=\"wpforms-required-label\" aria-hidden=\"true\">*<\/span><\/legend><ul id=\"wpforms-195-field_11\" class=\"wpforms-field-required\"><li class=\"choice-1 depth-1\"><input type=\"checkbox\" id=\"wpforms-195-field_11_1\" name=\"wpforms[fields][11][]\" value=\"Banesco PagoMovil\" aria-errormessage=\"wpforms-195-field_11_1-error\" required ><label class=\"wpforms-field-label-inline\" for=\"wpforms-195-field_11_1\">Banesco PagoMovil<\/label><\/li><li class=\"choice-3 depth-1\"><input type=\"checkbox\" id=\"wpforms-195-field_11_3\" name=\"wpforms[fields][11][]\" value=\"Banesco\" aria-errormessage=\"wpforms-195-field_11_3-error\" required ><label class=\"wpforms-field-label-inline\" for=\"wpforms-195-field_11_3\">Banesco<\/label><\/li><li class=\"choice-4 depth-1\"><input type=\"checkbox\" id=\"wpforms-195-field_11_4\" name=\"wpforms[fields][11][]\" value=\"Transferencia en moneda extranjera\" aria-errormessage=\"wpforms-195-field_11_4-error\" required ><label class=\"wpforms-field-label-inline\" for=\"wpforms-195-field_11_4\">Transferencia en moneda extranjera<\/label><\/li><\/ul><\/fieldset><\/div><div id=\"wpforms-195-field_12-container\" class=\"wpforms-field wpforms-field-text\" data-field-id=\"12\"><label class=\"wpforms-field-label\" for=\"wpforms-195-field_12\">Nombre y Apellido del Profesor o Nro. Indentificador<\/label><input type=\"text\" id=\"wpforms-195-field_12\" class=\"wpforms-field-medium\" name=\"wpforms[fields][12]\" aria-errormessage=\"wpforms-195-field_12-error\" ><\/div><div id=\"wpforms-195-field_13-container\" class=\"wpforms-field wpforms-field-text\" data-field-id=\"13\"><label class=\"wpforms-field-label\" for=\"wpforms-195-field_13\">Nombre de la clase<\/label><input type=\"text\" id=\"wpforms-195-field_13\" class=\"wpforms-field-medium\" name=\"wpforms[fields][13]\" aria-errormessage=\"wpforms-195-field_13-error\" ><\/div><div id=\"wpforms-195-field_3-container\" class=\"wpforms-field wpforms-field-textarea\" data-field-id=\"3\"><label class=\"wpforms-field-label\" for=\"wpforms-195-field_3\">Comentario o mensaje<\/label><textarea id=\"wpforms-195-field_3\" class=\"wpforms-field-medium\" name=\"wpforms[fields][3]\" aria-errormessage=\"wpforms-195-field_3-error\" ><\/textarea><\/div><script>\n\t\t\t\t( function() {\n\t\t\t\t\tconst style = document.createElement( 'style' );\n\t\t\t\t\tstyle.appendChild( document.createTextNode( '#wpforms-195-field_14-container { position: absolute !important; overflow: hidden !important; display: inline !important; height: 1px !important; width: 1px !important; z-index: -1000 !important; padding: 0 !important; } #wpforms-195-field_14-container input { visibility: hidden; } #wpforms-conversational-form-page #wpforms-195-field_14-container label { counter-increment: none; }' ) );\n\t\t\t\t\tdocument.head.appendChild( style );\n\t\t\t\t\tdocument.currentScript?.remove();\n\t\t\t\t} )();\n\t\t\t<\/script><\/div><!-- .wpforms-field-container --><div class=\"wpforms-recaptcha-container wpforms-is-recaptcha wpforms-is-recaptcha-type-v2\" ><div class=\"g-recaptcha\" data-sitekey=\"6LdZ18QpAAAAAM_LGCXJESsqFCEaGkx4ClfKespF\"><\/div><input type=\"text\" name=\"g-recaptcha-hidden\" class=\"wpforms-recaptcha-hidden\" style=\"position:absolute!important;clip:rect(0,0,0,0)!important;height:1px!important;width:1px!important;border:0!important;overflow:hidden!important;padding:0!important;margin:0!important;\" data-rule-recaptcha=\"1\"><\/div><div class=\"wpforms-submit-container\" ><input type=\"hidden\" name=\"wpforms[id]\" value=\"195\"><input type=\"hidden\" name=\"page_title\" value=\"\"><input type=\"hidden\" name=\"page_url\" value=\"https:\/\/aprendeypasa.com\/clases-particulares-profesores-online\/wp-json\/wp\/v2\/pages\/184\"><input type=\"hidden\" name=\"url_referer\" value=\"\"><button type=\"submit\" name=\"wpforms[submit]\" id=\"wpforms-submit-195\" class=\"wpforms-submit\" data-alt-text=\"Enviando...\" data-submit-text=\"Enviar\" aria-live=\"assertive\" value=\"wpforms-submit\">Enviar<\/button><img loading=\"lazy\" decoding=\"async\" src=\"https:\/\/aprendeypasa.com\/clases-particulares-profesores-online\/wp-content\/plugins\/wpforms-lite\/assets\/images\/submit-spin.svg\" class=\"wpforms-submit-spinner\" style=\"display: none;\" width=\"26\" height=\"26\" alt=\"Cargando\"><\/div><\/form><\/div>  <!-- .wpforms-container -->\n<\/div>\n\n\n\n<div class=\"wp-block-column is-layout-flow wp-block-column-is-layout-flow\">\n<h2 class=\"wp-block-heading\"><mark style=\"background-color:rgba(0, 0, 0, 0);color:#2fc1ff\" class=\"has-inline-color\">Instrucciones para transferencia o deposito<\/mark><\/h2>\n\n\n\n<h2 class=\"wp-block-heading\"><mark style=\"background-color:rgba(0, 0, 0, 0);color:#2fc1ff\" class=\"has-inline-color\">Pasos:<\/mark><\/h2>\n\n\n\n<ul class=\"wp-block-list\">\n<li>1.- Realiza tu pedido <\/li>\n\n\n\n<li>2.- Haz el pago en nuestras cuentas bancarias y<\/li>\n\n\n\n<li>3.- Avisa el pago mediante el env\u00edo del Formulario de Notificaci\u00f3n<\/li>\n<\/ul>\n\n\n\n<h2 class=\"wp-block-heading\"><mark style=\"background-color:rgba(0, 0, 0, 0);color:#2fc1ff\" class=\"has-inline-color\">Datos Bancarios para transferencia o dep\u00f3sito:<\/mark><\/h2>\n\n\n\n<h2 class=\"wp-block-heading\"><a>Banesco PagoMovil ( Pago en Bs. )<\/a><\/h2>\n\n\n\n<p>TLf 0414 3262145<br>Rif J-40271505-6<\/p>\n\n\n\n<h2 class=\"wp-block-heading\"><a>Banesco ( Pago en Bs. )<\/a><\/h2>\n\n\n\n<p>Cuenta corriente:<br>01340046690461025214<\/p>\n\n\n\n<p>Sociedad Civil En Persona Salud<\/p>\n\n\n\n<p>Rif J40271505-6<\/p>\n\n\n\n<h2 class=\"wp-block-heading\"><a>( Pago en $ )<\/a><\/h2>\n\n\n\n<p><a href=\"https:\/\/aprendeypasa.com\/contactanos\/\">Cont\u00e1ctanos haz clic aqu\u00ed <\/a>o llamanos:<\/p>\n\n\n\n<h6 class=\"wp-block-heading\">Tel\u00e9fonos:<\/h6>\n\n\n\n<p>+ (58) 424 2540297<br>+ (58) 414 2557886<\/p>\n\n\n\n<h2 class=\"wp-block-heading\"><mark style=\"background-color:rgba(0, 0, 0, 0);color:#2fc1ff\" class=\"has-inline-color\">Importante:<\/mark><\/h2>\n\n\n\n<p>Solo mediante el env\u00edo del \u201cFormulario de Notificaci\u00f3n \u201d tendremos el aviso de que el pago ha sido realizado. Una vez que el dinero este en la cuenta y sea verificado es que se podr\u00e1 recivir las clases.<\/p>\n<\/div>\n<\/div>\n\n\n\n<p><\/p>\n","protected":false},"excerpt":{"rendered":"<p>Tasa del d\u00eda del B.C.V. Notificaci\u00f3n de Pago para Transferencia o Dep\u00f3sito(Pago manual sin tarjeta) Instrucciones para transferencia o deposito Pasos: Datos Bancarios para transferencia o dep\u00f3sito: Banesco PagoMovil ( Pago en Bs. ) TLf 0414 3262145Rif J-40271505-6 Banesco ( Pago en Bs. ) Cuenta corriente:01340046690461025214 Sociedad Civil En Persona Salud Rif J40271505-6 ( Pago [&hellip;]<\/p>\n","protected":false},"author":1,"featured_media":0,"parent":0,"menu_order":0,"comment_status":"closed","ping_status":"closed","template":"","meta":{"footnotes":""},"class_list":["post-184","page","type-page","status-publish","hentry"],"_links":{"self":[{"href":"https:\/\/aprendeypasa.com\/clases-particulares-profesores-online\/wp-json\/wp\/v2\/pages\/184","targetHints":{"allow":["GET"]}}],"collection":[{"href":"https:\/\/aprendeypasa.com\/clases-particulares-profesores-online\/wp-json\/wp\/v2\/pages"}],"about":[{"href":"https:\/\/aprendeypasa.com\/clases-particulares-profesores-online\/wp-json\/wp\/v2\/types\/page"}],"author":[{"embeddable":true,"href":"https:\/\/aprendeypasa.com\/clases-particulares-profesores-online\/wp-json\/wp\/v2\/users\/1"}],"replies":[{"embeddable":true,"href":"https:\/\/aprendeypasa.com\/clases-particulares-profesores-online\/wp-json\/wp\/v2\/comments?post=184"}],"version-history":[{"count":6,"href":"https:\/\/aprendeypasa.com\/clases-particulares-profesores-online\/wp-json\/wp\/v2\/pages\/184\/revisions"}],"predecessor-version":[{"id":323,"href":"https:\/\/aprendeypasa.com\/clases-particulares-profesores-online\/wp-json\/wp\/v2\/pages\/184\/revisions\/323"}],"wp:attachment":[{"href":"https:\/\/aprendeypasa.com\/clases-particulares-profesores-online\/wp-json\/wp\/v2\/media?parent=184"}],"curies":[{"name":"wp","href":"https:\/\/api.w.org\/{rel}","templated":true}]}}